 multiple of 10?
True
Does 15 divide 15795987?
False
Is 12 a factor of 166760?
False
Does 49 divide 28812?
True
Does 12 divide 968340?
True
Is 150 a factor of 1486650?
True
Is 1726652 a multiple of 22?
False
Is 7 a factor of 113897?
True
Is 21 a factor of 310380?
True
Does 22 divide 142802?
True
Does 65 divide 131173?
False
Is 8528532 a multiple of 127?
False
Is 21 a factor of 604296?
True
Does 42 divide 156858?
False
Is 627518 a multiple of 16?
False
Is 22 a factor of 25920?
False
Does 90 divide 1880752?
False
Is 40 a factor of 4378998?
False
Does 62 divide 21223?
False
Is 4 a factor of 7904248?
True
Does 49 divide 43894?
False
Is 9 a factor of 4274271?
True
Is 13 a factor of 290901?
True
Does 68 divide 990012?
True
Does 481 divide 10294843?
True
Does 23 divide 2679661?
True
Does 44 divide 828931?
False
Does 48 divide 662448?
True
Does 278 divide 169302?
True
Does 289 divide 1349868?
False
Is 119 a factor of 100436?
True
Is 1257624 a multiple of 9?
True
Is 151 a factor of 306983?
True
Does 47 divide 366929?
True
Does 40 divide 216943?
False
Is 254009 a multiple of 277?
True
Does 175 divide 292461?
False
Is 149103 a multiple of 64?
False
Is 12645 a multiple of 49?
False
Is 1799943 a multiple of 20?
False
Is 24873660 a multiple of 2394?
True
Is 2 a factor of 181955?
False
Is 12369 a multiple of 11?
False
Is 25928 a multiple of 28?
True
Does 348 divide 55332?
True
Is 13 a factor of 2403335?
False
Is 166225 a multiple of 209?
False
Is 8733942 a multiple of 18?
True
Is 338823 a multiple of 27?
True
Is 218486 a multiple of 142?
False
Is 19 a factor of 163372?
False
Is 6 a factor of 38040?
True
Is 24 a factor of 846120?
True
Is 179 a factor of 145628?
False
Is 375038 a multiple of 526?
True
Is 566 a factor of 1125913?
False
Does 316 divide 782100?
True
Is 5184223 a multiple of 661?
True
Is 11428541 a multiple of 14?
False
Does 13 divide 70135?
True
Does 5 divide 4497730?
True
Is 70 a factor of 340060?
True
Does 820 divide 1827846?
False
Is 2589277 a multiple of 150?
False
Is 25176286 a multiple of 1341?
False
Is 779183 a multiple of 205?
False
Is 114095 a multiple of 10?
False
Is 6892830 a multiple of 42?
True
Is 452 a factor of 561836?
True
Is 193340 a multiple of 35?
True
Is 174002 a multiple of 19?
True
Is 2759 a multiple of 26?
False
Does 8 divide 187260?
False
Does 83 divide 1307076?
False
Does 11 divide 331991?
True
Is 345 a factor of 50326?
False
Is 32 a factor of 404553?
False
Does 169 divide 99232?
False
Is 9 a factor of 5872311?
True
Is 274065 a multiple of 147?
False
Does 2 divide 1477920?
True
Is 54 a factor of 557334?
True
Does 92 divide 237228?
False
Is 48069 a multiple of 9?
True
Is 31425 a multiple of 3?
True
Does 10 divide 6240?
True
Is 417 a factor of 27076?
False
Is 5 a factor of 18850?
True
Is 41209 a multiple of 27?
False
Is 3 a factor of 101212?
False
Does 18 divide 457309?
False
Is 20379 a multiple of 37?
False
Does 61 divide 113916?
False
Is 166 a factor of 4325296?
True
Is 122240 a multiple of 64?
True
Is 674 a factor of 1019162?
False
Is 963963 a multiple of 429?
True
Is 33 a factor of 50559?
False
Does 31 divide 6475593?
False
Is 119369 a multiple of 222?
False
Is 240775 a multiple of 4?
False
Is 132685 a multiple of 58?
False
Is 51 a factor of 122706?
True
Does 23 divide 771075?
True
Is 444654 a multiple of 18?
True
Is 3688590 a multiple of 30?
True
Is 28 a factor of 111205?
False
Does 410 divide 13751400?
True
Is 86 a factor of 119024?
True
Is 33 a factor of 708312?
True
Is 72680 a multiple of 46?
True
Is 185095 a multiple of 12?
False
Is 50316 a multiple of 15?
False
Is 51 a factor of 1406870?
False
Is 9129183 a multiple of 23?
True
Is 608 a factor of 1817684?
False
Is 69 a factor of 12754100?
False
Does 1773 divide 5735332?
False
Is 16154 a multiple of 41?
True
Is 195028 a multiple of 451?
False
Is 270295 even?
False
Is 4591836 a multiple of 366?
True
Is 3 a factor of 848790?
True
Is 56046 a multiple of 4?
False
Does 1570 divide 1165730?
False
Is 31 a factor of 649363?
False
Does 8 divide 187826?
False
Is 145 a factor of 605375?
True
Is 20 a factor of 138801?
False
Is 4158 a multiple of 231?
True
Is 23 a factor of 514781?
False
Is 248472 a multiple of 56?
True
Is 11728880 a multiple of 16?
True
Is 110251 a multiple of 9?
False
Is 2098 a factor of 7741105?
False
Is 15 a factor of 927345?
True
Does 5 divide 405422?
False
Does 171 divide 813138?
False
Is 13 a factor of 2640781?
True
Does 64 divide 5179?
False
Is 62 a factor of 32829903?
False
Is 118 a factor of 524622?
False
Is 191 a factor of 2160401?
True
Is 133865 a multiple of 205?
True
Is 11 a factor of 2579755?
False
Is 4 a factor of 3999631?
False
Is 62 a factor of 1371440?
True
Does 99 divide 108785?
False
Is 336828 a multiple of 218?
False
Is 89 a factor of 230014?
False
Is 94 a factor of 507976?
True
Is 4408561 a multiple of 14?
False
Does 79 divide 213142?
True
Does 114 divide 1640745?
False
Is 45738 a multiple of 4?
False
Is 138 a factor of 102258?
True
Does 563 divide 112600?
True
Is 2090882 a multiple of 1097?
True
Is 10 a factor of 302191?
False
Does 583 divide 8500723?
True
Does 121 divide 22898935?
False
Does 9 divide 90689?
False
Is 616 a factor of 869792?
True
Is 416 a factor of 11636352?
True
Is 6 a factor of 177643?
False
Is 207381 a multiple of 85?
False
Is 86 a factor of 14880126?
False
Is 13 a factor of 78340?
False
Is 60 a factor of 1751400?
True
Does 47 divide 218646?
False
Is 642000 a multiple of 15?
True
Is 14 a factor of 2776606?
True
Does 2 divide 37955?
False
Does 170 divide 765019?
False
Does 17 divide 5824982?
True
Is 43 a factor of 1977828?
True
Does 20 divide 508935?
False
Does 24 divide 487080?
True
Is 137 a factor of 367434?
True
Is 19 a factor of 2006875?
True
Is 110 a factor of 129360?
True
Is 34012998 a multiple of 522?
True
Is 673147 a multiple of 79?
False
Does 208 divide 1556256?
True
Is 7 a factor of 27587?
True
Is 16967350 a multiple of 10?
True
Is 37 a factor of 1098197?
True
Is 33 a factor of 4550657?
False
Does 4 divide 18129?
False
Is 98267 a multiple of 8?
False
Is 230622 a multiple of 22?
False
Is 191 a factor of 79184?
False
Is 16 a factor of 121552?
True
Is 917 a factor of 3092124?
True
Is 850 a factor of 2117350?
True
Is 68 a factor of 7465720?
True
Is 112144 a multiple of 34?
False
Is 5809636 a multiple of 7?
True
Does 35 divide 333713?
False
Does 11 divide 199144?
True
Is 149 a factor of 1159027?
False
Does 92 divide 10680826?
False
Does 5 divide 5937335?
True
Is 271897 a multiple of 22?
False
Does 3 divide 222893?
False
Does 145 divide 117305?
True
Is 354 a multiple of 23?
False
Does 3 divide 66186?
True
Is 226017 a multiple of 214?
False
Is 36 a factor of 842120?
False
Does 12 divide 8706372?
True
Does 12 divide 24035?
False
Does 3 divide 1622733?
True
Is 125 a factor of 2208250?
True
Is 5004326 a multiple of 97?
False
Is 727776 a multiple of 224?
True
Does 26 divide 151342?
False
Is 13446026 a multiple of 160?
False
Does 1119 divide 2948565?
True
Does 133 divide 595840?
True
Is 1777685 a multiple of 13?
True
Does 6 divide 3639132?
True
Does 48 divide 679196?
False
Is 1777928 a multiple of 65?
False
Is 95 a factor of 79817?
False
Is 149 a factor of 1799920?
True
Is 10231557 a multiple of 5?
False
Does 642 divide 3256224?
True
Is 4902345 a multiple of 139?
False
Is 4045560 a multiple of 14?
False
Is 30701 a multiple of 2?
False
Does 161 divide 980309?
False
Is 216923 a multiple of 19?
True
Does 122 divide 109238?
False
Is 181 a factor of 4388164?
True
Does 237 divide 6737842?
False
Does 33 divide 6792522?
True
Does 108 divide 1484784?
True
Is 4325495 a multiple of 23?
True
Is 20870580 a multiple of 12?
True
Is 100715 a multiple of 2?
False
Is 16 a factor of 3831069?
False
Is 4 a factor of 23284?
True
Does 15 divide 1580811?
False
Is 26 a factor of 45240?
True
Does 12 divide 1841388?
True
Is 636101 a multiple of 138?
False
Is 9886707 a multiple of 537?
True
Does 16 divide 506512?
True
Is 1654660 a multiple of 73?
False
Is 425768 a multiple of 4?
True
Is 305061 a multiple of 390?
False
Is 159806 a multiple of 144?
False
Is 16 a factor of 724976?
True
Is 3338148 a multiple of 66?
True
Does 31 divide 192165?
False
Is 251 a factor of 1201788?
True
Is 149 a factor of 1651367?
True
Is 126727 a multiple of 2?
False
Doe